*2 + 223*n + 57. Give x(112).
-55
Let i(h) = -h**3 - 134*h**2 + 2*h + 269. What is i(-134)?
1
Let l(a) = -190*a + 2872. Determine l(15).
22
Let q(i) = 2*i**2 - 15*i - 23. Determine q(-4).
69
Let o(u) = -100*u**3 + 5*u**2 - 5*u + 5. Give o(2).
-785
Let z(k) = -82*k + 1558. Determine z(19).
0
Let s(d) = 376*d + 1507. Calculate s(-4).
3
Let d(t) = 2*t**2 + 71*t - 23. Calculate d(-36).
13
Let l(j) = -j**2 + 983*j - 8801. Calculate l(9).
-35
Let q(j) = j**3 - 61*j**2 - 42*j - 1231. Determine q(62).
9
Let q(n) = -11*n - 51. Calculate q(-3).
-18
Let t(v) = v**3 - 9*v**2 + 57*v - 6. Give t(8).
386
Let c(t) = 8*t - 87. Determine c(-18).
-231
Let t(g) = -3*g**2 - 37*g + 185. What is t(-16)?
9
Let c(r) = -r**3 - 18*r**2 - 32*r - 934. Give c(-19).
35
Let d(c) = 247*c + 23220. Calculate d(-94).
2
Let q(o) = 7*o**2 - 46*o - 148. Give q(9).
5
Let y(u) = -u**3 - 31*u**2 - 228*u + 21. What is y(-12)?
21
Let x(j) = -j**3 + 2*j**2 - 5*j + 395. Give x(0).
395
Let n(x) = -17*x + 186. Determine n(15).
-69
Let w(n) = -89*n**2 - 120*n + 436. Give w(-3).
-5
Let f(z) = -76*z**2 + 128*z + 26. What is f(2)?
-22
Let h(r) = 16*r**2 + 76*r + 4. Determine h(-5).
24
Let q(g) = 35*g + 1433. What is q(-41)?
-2
Let p(v) = -v**2 - 37*v - 389. What is p(-20)?
-49
Let k(n) = n**3 - 5*n**2 - 4*n - 46. Determine k(5).
-66
Let i(m) = -m**3 + 4*m**2 - 200*m + 6. What is i(0)?
6
Let r(f) = -606*f + 600. Calculate r(1).
-6
Let h(o) = -4*o**2 - 370*o - 531. Give h(-91).
15
Let z(p) = -p**2 + 39*p - 334. Give z(26).
4
Let o(c) = 3*c**3 + 157*c**2 - 122*c - 846. Give o(-53).
2
Let k(v) = 7*v**2 - 220*v + 92. Determine k(31).
-1
Let b(k) = -288*k - 9457. Give b(-33).
47
Let v(f) = -f**3 + 48*f**2 - 135*f - 1. Give v(3).
-1
Let r(b) = 22*b + 717. What is r(7)?
871
Let t(h) = h**2 + 15*h - 1357. What is t(30)?
-7
Let h(u) = -u**3 - 85*u**2 + 265*u + 77. Determine h(-88).
-11
Let n(u) = 9*u**2 + 141*u - 299. What is n(2)?
19
Let o(p) = 4*p**2 + 13*p + 8. Give o(-3).
5
Let j(w) = 78*w + 2284. What is j(-29)?
22
Let m(a) = a**3 - 84*a**2 - 2*a - 466. Calculate m(84).
-634
Let f(q) = -28*q - 38. What is f(-1)?
-10
Let z(c) = 71*c - 1052. What is z(11)?
-271
Let u(z) = 6*z**3 + z**2 + 54*z + 176. What is u(-3)?
-139
Let b(y) = 2*y**3 + 21*y**2 - 102*y - 994. What is b(-11)?
7
Let m(h) = -h**3 + 5*h - 49. What is m(0)?
-49
Let u(v) = v**3 + 5*v**2 - 7*v - 50. Determine u(-7).
-99
Let q(i) = 67*i - 783. Determine q(7).
-314
Let o(i) = -i**2 - 14*i + 243. Determine o(-25).
-32
Let c(a) = a**3 + 66*a**2 - 72*a - 306. Calculate c(-67).
29
Let a(l) = -l**3 + 27*l**2 + 53*l - 105. Determine a(-3).
6
Let c(f) = f**3 + 6*f**2 + 7*f + 13. Determine c(-4).
17
Let g(r) = -49*r**2 + 240*r + 1. Determine g(5).
-24
Let y(t) = -t**2 - 271*t - 1824. Give y(-7).
24
Let x(q) = -q**3 + 26*q**2 + 794*q + 38. Calculate x(-18).
2
Let z(k) = k**2 - 46*k - 131. Calculate z(-3).
16
Let c(p) = -5*p**2 + 56*p - 55. Calculate c(15).
-340
Let c(y) = 78*y**2 + 365*y + 2. Give c(-5).
127
Let l(s) = -700*s + 4871. Give l(7).
-29
Let o(i) = 53*i - 83. Give o(-2).
-189
Let f(t) = -4077*t + 28546. Determine f(7).
7
Let i(a) = a**3 + 6*a**2 + 26*a - 3. What is i(-6)?
-159
Let m(y) = -5*y**2 + 2*y + 2. Determine m(-3).
-49
Let p(n) = -16*n**2 - n + 1. Calculate p(-1).
-14
Let m(t) = -t**3 + 96*t**2 + 106*t - 34. Determine m(97).
839
Let v(n) = 3*n**2 + 248*n + 1084. Calculate v(-78).
-8
Let t(a) = 2*a**2 + 365*a + 14946. Give t(-62).
4
Let v(q) = q**3 + 9*q**2 - q - 17. Give v(-6).
97
Let h(x) = 246*x + 2415. Calculate h(-7).
693
Let v(s) = 3*s**3 + 11*s**2 - 42*s - 344. What is v(-7)?
-540
Let g(u) = -283*u + 5557. Calculate g(18).
463
Let g(p) = -17*p**3 - 9*p**2 - 34*p + 12. Calculate g(-3).
492
Let k(x) = -3*x**3 - 12*x**2 - 11*x - 11. Determine k(-3).
-5
Let k(n) = n**3 + 15*n**2 + 18*n - 56. Determine k(-13).
48
Let x(o) = 2*o**2 - 380*o - 20597. Calculate x(-44).
-5
Let m(r) = -3*r**2 + 24*r + 43. Calculate m(9).
16
Let b(j) = -40*j + 850. Determine b(22).
-30
Let y(k) = -316*k + 11709. Calculate y(37).
17
Let k(r) = 3*r**2 - 38*r + 65. Give k(11).
10
Let p(i) = i**3 - 5*i**2 - 12*i + 53. What is p(5)?
-7
Let l(m) = m**3 - 12*m**2 + 3*m + 29. Determine l(10).
-141
Let x(v) = 488*v**2 + 8*v - 17. What is x(1)?
479
Let w(u) = -u**3 + 18*u**2 + 25*u - 137. Give w(19).
-23
Let d(i) = i**3 - 21*i**2 + i - 75. What is d(21)?
-54
Let o(k) = -4*k**2 + 4*k + 20. What is o(-8)?
-268
Let f(n) = -184*n + 4360. Determine f(24).
-56
Let p(u) = 4*u**3 - 17*u**2 - 12*u + 11. What is p(7)?
466
Let a(j) = -2*j**3 - 103*j**2 - 51*j + 3. Calculate a(-51).
3
Let y(l) = 49*l**2 + 1909*l - 72. Determine y(-39).
6
Let m(g) = 9*g**3 + 9*g**2 + 11*g + 12. Determine m(-1).
1
Let g(r) = -2*r**2 + 15*r + 326. Calculate g(18).
-52
Let l(z) = -z**2 - 8*z + 1688. Calculate l(-45).
23
Let d(f) = f**3 - 55*f**2 + 240*f - 1861. What is d(51)?
-25
Let k(g) = 81*g - 663. What is k(12)?
309
Let p(i) = -8*i**2 - 696*i - 70. Determine p(-87).
-70
Let u(t) = -2*t**3 + 92*t**2 - 89*t - 76. What is u(45)?
-31
Let f(y) = 5*y**2 - y - 20. Determine f(2).
-2
Let l(y) = -y**2 + 113*y - 2726. Determine l(35).
4
Let i(x) = x**2 - 2434*x - 14678. Give i(-6).
-38
Let f(n) = n**3 - 77*n**2 + 160*n - 751. Determine f(75).
-1
Let p(m) = 2*m**2 - 96*m + 460. Give p(43).
30
Let z(i) = -i**3 + 9*i**2 + 5*i - 17. Calculate z(4).
83
Let n(w) = 34*w - 2140. Calculate n(63).
2
Let m(p) = -201*p - 3876. Give m(-20).
144
Let y(b) = b**3 + 15*b**2 + 18*b - 98. What is y(-13)?
6
Let l(w) = w**3 - 12*w**2 - 9*w + 8. Determine l(6).
-262
Let s(g) = 4*g**2 - 226*g + 1152. Determine s(5).
122
Let n(s) = -1295*s + 5187. Determine n(4).
7
Let y(n) = 98*n**3 - n**2 + 57*n + 57. What is y(-1)?
-99
Let f(c) = -202*c + 1707. Calculate f(9).
-111
Let p(h) = 12*h**2 + 1583*h - 109. Give p(-132).
23
Let w(n) = 2*n**2 + 30*n + 9. Determine w(-6).
-99
Let h(t) = -3721*t - 7489. What is h(-2)?
-47
Let j(h) = 8*h**3 + 31*h**2 - 18. Calculate j(-5).
-243
Let g(i) = i**2 + 23*i - 2833. What is g(-66)?
5
Let l(g) = g**3 - 7*g**2 - 3733*g + 26137. What is l(7)?
6
Let l(r) = -47*r - 3. What is l(1)?
-50
Let r(p) = 144*p - 2154. Calculate r(15).
6
Let n(v) = -98*v + 1069. Give n(11).
-9
Let j(r) = 22*r**2 - 544*r - 84. Give j(25).
66
Let u(c) = -c**2 - 41*c - 184. Calculate u(-34).
54
Let x(j) = j**3 + 8*j**2 + 5*j - 63. What is x(-6)?
-21
Let b(x) = -2*x**3 - 20*x**2 - 8*x + 3. Calculate b(-11).
333
Let n(u) = 4*u**3 - 37*u**2 - 38*u + 393. Calculate n(9).
-30
Let t(j) = -43*j - 212. What is t(-5)?
3
Let i(c) = -11*c - 3281. Calculate i(-299).
8
Let t(d) = -2*d**3 - 6*d**2 - 31*d + 9. Determine t(-4).
165
Let c(i) = -i**3 - 12*i**2 - 28*i + 4. Determine c(-4).
-12
Let f(a) = 2*a**2 - 238*a - 2038. Determine f(127).
-6
Let g(v) = v**2 + 8*v - 822. Give g(-33).
3
Let t(h) = -80*h + 6392. What is t(80)?
-8
Let t(l) = l**3 + 36*l**2 - 28*l + 364. Determine t(-37).
31
Let v(n) = 25*n**2 + 155*n - 52. What is v(-6)?
-82
Let v(u) = 142*u**2 + 570*u - 4. Determine v(-4).
-12
Let q(p) = 608*p - 139837. Give q(230).
3
Let i(v) = -1607*v + 6450. Determine i(4).
22
Let w(a) = -116*a + 231. What is w(4)?
-233
Let g(o) = 4*o**2 + 60*o - 54. Determine g(-16).
10
Let a(p) = p**3 - 2*p**2 - 12*p - 7. Determine a(-4).
-55
Let i(l) = -l**3 + 8*l**2 - 70*l + 350. Determine i(6).
2
Let h(d) = 7*d - 239. Give h(39).
34
Let y(r) = -76*r - 33. Determine y(-1).
43
Let x(q) = -2*q**3 - 36*q**2 + 83*q + 72. Calculate x(-20).
12
Let o(j) = 10476*j + 146658. Calculate o(-14).
-6
Let d(z) = -1162*z - 18588. Give d(-16).
4
Let s(p) = -p**3 + 37*p**2 + 119*p - 1. What is s(40)?
-41
Let d(s) = -76*s + 188. Calculate d(2).
36
Let r(a) = -a**3 - 29*a**2 + 69*a - 30. Give r(-31).
-247
Let f(k) = -3*k**2 - 60*k + 81. Give f(-21).
18
Let h(c) = 33*c + 36. Determine h(-1).
3
Let g(f) = 103*f**2 - 18*f - 67. What is g(-3)?
914
Let b(l) = 88*l + 1247. Calculate b(-13).
103
Let h(k) = 46*k - 161. Determine h(10).
299
Let w(l) = -117*l - 3030. Determine w(-26).
12
Let v(a) = 1349*a + 41832. Determine v(-31).
13
Let m(k) = -k**3 - 11*k**2 - 16*k - 39. Give m(-9).
-57
Let o(i) = -12208*i + 48821. Determine o(4).
-11
Let w(g) = -72*g - 613. Calculate w(-6).
-181
Let d(x) = 9*x**3 - 2*x**2 - 56*x + 56. What is d(1)?
7
Let a(h) = h**2 - 9*h - 78. Give a(17